t k = 553 - 551. Suppose -k*b + 529 - 503 = 0. What is the highest common factor of b and 221?
13
Suppose -4*c - 810 = 3*q - 6*q, -q = c + 199. Let m = 353 + c. Calculate the greatest common divisor of 228 and m.
76
Suppose -46*z + 47*z = 11. Let q be 453 + (-2 - -6 - 6). What is the greatest common divisor of z and q?
11
Suppose -24 = -9*z - 6. Suppose 3*l - 2*x + 11 = 73, z*x - 114 = -5*l. Suppose 2*v + 4 = 12. What is the highest common factor of v and l?
2
Let m(c) be the first derivative of 1/3*c**3 + 17/2*c**2 + 2 + 10*c. Let y be m(-18). Calculate the highest common divisor of 4 and y.
4
Suppose -46*b + 42*b = 520. Let v(x) = -10*x**2 + 3*x. Let t be v(2). Let y = t - b. Calculate the highest common factor of y and 32.
32
Let g(d) = -127*d - 4843. Let h be g(-41). Calculate the highest common factor of 14378 and h.
182
Suppose 309*m - 304*m + 3*u = 41732, 5*u = -5*m + 41730. Calculate the greatest common factor of 34 and m.
17
Let p be (-31)/(-3)*(0 + 3). Suppose 4*i - 2372 = 13*d - 14*d, 3*d = 3*i - 1719. Calculate the highest common factor of i and p.
31
Suppose -2*b - 18 = 3*l, -2*l - 6 + 2 = 0. Suppose 0 = c + k - 37, 3*c + 3*k = 7*c - 127. Let r = c + b. What is the greatest common factor of r and 14?
14
Suppose -616*u + 2356746 = 743650 - 540440. Calculate the greatest common factor of 1288 and u.
184
Let v = 4811 + 669. Calculate the greatest common divisor of v and 40.
40
Let n be (-3 - -8)*(308/20 - -2). Let b be (-1539)/18 - (-2)/4. Let s = b + 143. Calculate the greatest common divisor of n and s.
29
Let y = -847 - -3347. Calculate the greatest common factor of 300 and y.
100
Let l be 10*(-3)/(-420) - (-22133)/14. What is the highest common factor of l and 102?
51
Let m(d) = -92*d + 939. Let q be m(6). Calculate the highest common divisor of q and 42.
3
Suppose 18*m + 13*m = 22*m + 855. Calculate the greatest common divisor of 3800 and m.
95
Suppose -102*j = -a - 98*j + 1175, 5775 = 5*a + 5*j. What is the highest common factor of a and 19?
19
Let r be (-224)/(-12) - (-4)/(-36)*6. Suppose r*v - 84 = 1302. Let w = 82 - v. What is the greatest common divisor of 95 and w?
5
Let o be 6/(-9)*-15 + (-1 - 1). Let i(l) = -14*l + 130. Let s be i(o). Calculate the greatest common divisor of s and 6.
6
Let l = -128 - -134. Suppose -l*u = -u + 3*f - 477, 2*u = -3*f + 198. Calculate the highest common divisor of 31 and u.
31
Suppose -260*u = -u - 508158. What is the highest common factor of 54 and u?
18
Let f = 621 - 429. Let t be (4 + (-55)/15 - -4)*f. What is the highest common factor of t and 13?
13
Let r be 72/90 - 11/(-5). Suppose 5*v = 4*f - f - 150, 2*f + r*v = 100. Calculate the greatest common factor of f and 400.
50
Let z(q) = 21*q**3 + 4*q**2 - 28*q + 4. Let c be z(4). What is the highest common factor of c and 1100?
100
Suppose z = 2*t - 57, 0 = -4*t - 260*z + 261*z + 117. What is the greatest common factor of t and 2610?
30
Let m = 5460 - 4738. Calculate the greatest common factor of m and 608.
38
Let t = -942 + 1779. Suppose -32*f + 33*f = 31. Calculate the highest common divisor of f and t.
31
Let a(z) = 2*z**3 + 22*z**2 + 104*z + 223. Let s be a(-5). Suppose 2*o + 29 = i, 4*i - i - 142 = -5*o. Calculate the highest common divisor of s and i.
3
Suppose -2*z = 5*v + 346, 5*v + 226 = -3*z - 123. Let n be ((-3 + 7)*-1)/(2/v). Calculate the greatest common factor of n and 8.
8
Suppose -11*h = -27*h + 19456. Suppose -7*a + h = 12*a. What is the highest common divisor of 16 and a?
16
Let l = -24 + 84. Suppose 2017*v - 2003*v = 560. Calculate the highest common factor of l and v.
20
Let m(c) be the second derivative of 0 + 5/6*c**3 - 2*c - 9/2*c**2. Let b be m(2). What is the highest common divisor of b and 8?
1
Let h = 29 - 32. Let u = -9 - -17. Let s be ((18/(-4))/h)/(4/u). Calculate the greatest common divisor of s and 21.
3
Suppose -b = 15*b - b - 360. What is the highest common divisor of b and 192?
24
Suppose 1149 = -80*y + 1709. Let w be (6/5)/((-2)/(-210)). What is the greatest common divisor of y and w?
7
Let v(b) = b**2 - 7*b + 11. Let a(o) = 11*o + 25. Let f be a(-7). Let y = f - -59. Let h be v(y). What is the highest common divisor of h and 99?
11
Let c be (-354)/(-8) + (-4)/16. Suppose 55*m = -496 + 1706. Calculate the greatest common divisor of m and c.
22
Suppose 3*m - 4*h - 5144 = -0*h, 2*h = 5*m - 8578. Calculate the highest common factor of 396 and m.
132
Suppose 3*b - 364 = d - 6*d, 4*d = 8. Suppose -b = -2*z + 138. What is the greatest common factor of 4 and z?
4
Suppose 3*g + 12*a - 486 = 13*a, -a + 474 = 3*g. Calculate the highest common factor of 112 and g.
16
Let c be (-396)/(240/(-270) - 2/(-9)). What is the greatest common divisor of c and 1?
1
Let m be 156/182 - 1934/(-14). Let n = m + -133. Let s = 114 + -36. Calculate the greatest common factor of s and n.
6
Suppose -3*b + 5*k = 17 - 46, -4*k = -8. Suppose -b + 8 = -x. Let o = 9 - x. What is the highest common factor of o and 10?
2
Suppose -3*w + 3*c + 51 - 3 = 0, 20 = 5*c. Suppose w = -4*j, 2*j + 17 - 145 = -2*b. Suppose -59 = -4*z + b. What is the greatest common factor of z and 112?
16
Suppose 144*n + 3 = 148*n - 457. Calculate the greatest common factor of 3059 and n.
23
Suppose 41*z - 25 = 42*z. Let t(f) = -3*f - 55. Let q be t(z). What is the highest common divisor of 20 and q?
20
Suppose -3*l + o = 22, -4*l - o - 2 = 39. Let f be 1 + -3*42/l. Suppose -f = -g + 2*z, 2*g + 2*z + 0*z = 6. What is the highest common divisor of 28 and g?
7
Let q be (-22)/(-187) - (-423216)/136. What is the greatest common factor of 8 and q?
8
Let o(z) = 24*z - 60. Suppose 150 = 19*i + 36. Let a be o(i). What is the highest common factor of 21 and a?
21
Let v = 48 + -46. Suppose -5*k + 5*g = 180, 4*k + v*g = -g - 172. Let i = 54 + k. What is the greatest common divisor of 154 and i?
14
Let d(w) = 3*w + 1. Let n(m) = -4*m. Let h(g) = -5*d(g) - 4*n(g). Let i be h(-16). Let f = i - -31. Calculate the highest common factor of f and 30.
10
Suppose 0 = -20*b + 10*b - 20. Let h be (b + 0)*(-792)/44. Calculate the highest common factor of 252 and h.
36
Let w(h) = 7*h**2 - 53*h - 46. Let o be w(-1). Let g(p) = -p**3 + 9*p**2 - p. Let k be g(7). What is the highest common factor of k and o?
7
Let u(f) = -59*f + 34. Let s(d) = 7*d**3 - 2*d**2 - 2*d - 1. Let k be s(-1). Let a be u(k). Calculate the greatest common factor of a and 11.
11
Suppose 187*n - 114316 = 45382. Calculate the highest common divisor of n and 476.
14
Suppose 2*y - 3*l = 2889 + 1709, -y = 4*l - 2299. What is the highest common factor of y and 121?
121
Let s = 78 + -75. Suppose -1 = -s*u + 62. What is the greatest common factor of u and 14?
7
Let u be -4 + 10 + -3 - (-319 - 2/2). What is the greatest common factor of u and 608?
19
Let z be (-1 - 1407/(-12))/((-338)/(-5408)). Calculate the greatest common divisor of 330 and z.
30
Let k(h) = 6*h**2. Let n be k(-2). Let i = 98189 - 98093. What is the greatest common factor of i and n?
24
Let g = 14530 + -14278. Calculate the greatest common factor of 1596 and g.
84
Let c(b) = 3*b + 57. Let h be c(-25). Let k be (-4)/8*h + -3. Let n be (-53 + (-3)/3)*(-2)/k. What is the greatest common divisor of n and 9?
9
Let s = 1866 - 2970. Let i be (-20)/110 - s/22. Calculate the greatest common divisor of i and 80.
10
Let f be 1/4 + (-2954)/(-56). Suppose 3*i - 3604 = -i. What is the greatest common divisor of f and i?
53
Let o = 14146 + -13926. What is the greatest common divisor of 260 and o?
20
Let j(t) be the third derivative of 7*t**5/15 - t**2 + 4. Let z be j(2). What is the highest common factor of 7 and z?
7
Let v = -2 - -13. Let y be (20 - (4 + -2))*(-1)/(-3). Suppose 3 = -3*k + y. What is the highest common factor of v and k?
1
Let d = 4628 + -4414. Let w be (-14)/(-4) + (-1)/2. Suppose -o - 8 = 3*o, 5*g + w*o = d. Calculate the highest common factor of g and 22.
22
Suppose -w = -4, 199*j + 4*w = 194*j + 116. Calculate the greatest common factor of j and 375.
5
Let x be (9656/(-102))/(((-2)/66)/(2/4)). What is the highest common factor of 22 and x?
22
Suppose -21*u = -5*u + 42*u - 54404. Calculate the highest common factor of u and 42.
14
Let b be (-36)/(-64)*(-2)/(-3) + 8131/376. What is the highest common factor of b and 8426?
22
Suppose -5*z + 5 = 0, 70*x - 